e factors of 4815909045.
3, 5, 3673, 29137
What are the prime factors of 574708263?
3, 10531, 18191
List the prime factors of 211639148.
2, 7, 7558541
What are the prime factors of 165208886?
2, 82604443
List the prime factors of 55008350.
2, 5, 1100167
List the prime factors of 23124865.
5, 587, 7879
List the prime factors of 3408005228.
2, 2243, 379849
What are the prime factors of 30243002?
2, 367, 41203
What are the prime factors of 97437095?
5, 7, 37, 67, 1123
What are the prime factors of 4499974808?
2, 7, 80356693
What are the prime factors of 139046950?
2, 5, 7, 43, 9239
List the prime factors of 288898637.
9769, 29573
What are the prime factors of 288744142?
2, 144372071
List the prime factors of 5348976394.
2, 2674488197
List the prime factors of 33240527.
419, 79333
List the prime factors of 378086662.
2, 19, 61, 163109
List the prime factors of 3990663278.
2, 7, 197, 1446941
What are the prime factors of 27432857?
409, 67073
List the prime factors of 556606228.
2, 179, 777383
What are the prime factors of 847548982?
2, 7, 8648459
What are the prime factors of 1961865030?
2, 3, 5, 65395501
List the prime factors of 42261020.
2, 5, 167, 12653
What are the prime factors of 98782237?
151, 654187
What are the prime factors of 1074281183?
1074281183
List the prime factors of 95093973.
3, 13, 270923
List the prime factors of 52922705.
5, 11, 47, 59, 347
List the prime factors of 4657002480.
2, 3, 5, 13, 647, 769
What are the prime factors of 36133962?
2, 3, 101, 59627
List the prime factors of 96990081.
3, 32330027
What are the prime factors of 702554566?
2, 7, 50182469
List the prime factors of 120942831.
3, 197, 204641
List the prime factors of 23258854.
2, 97, 119891
What are the prime factors of 553962101?
7, 11, 1027759
What are the prime factors of 229787612?
2, 37, 1552619
List the prime factors of 217024045.
5, 7, 991, 6257
List the prime factors of 110758584.
2, 3, 1051, 4391
List the prime factors of 52689142.
2, 11, 2394961
What are the prime factors of 1655529426?
2, 3, 91973857
What are the prime factors of 3738827315?
5, 19, 479, 82163
What are the prime factors of 1292137720?
2, 5, 32303443
List the prime factors of 63152376.
2, 3, 7, 83, 647
List the prime factors of 69552715.
5, 43, 47, 6883
List the prime factors of 19289583.
3, 163, 487
List the prime factors of 4309892612.
2, 41, 26279833
What are the prime factors of 5399943?
3, 433, 4157
List the prime factors of 320260299.
3, 106753433
What are the prime factors of 46546111?
37, 41, 61, 503
List the prime factors of 57255159.
3, 13, 661, 2221
What are the prime factors of 106122857?
17, 103, 60607
List the prime factors of 2993314892.
2, 131, 397, 14389
List the prime factors of 249819729.
3, 5521, 15083
What are the prime factors of 78930656?
2, 7, 352369
List the prime factors of 304178064.
2, 3, 101, 62743
List the prime factors of 482726897.
563, 857419
List the prime factors of 3675276158.
2, 1307, 1405997
List the prime factors of 2482182497.
2482182497
What are the prime factors of 322905541?
7, 6589909
List the prime factors of 12311774.
2, 17, 31, 11681
List the prime factors of 31153230.
2, 3, 5, 346147
List the prime factors of 84224783.
17, 41, 149, 811
What are the prime factors of 66769833?
3, 13, 1712047
What are the prime factors of 1280941694?
2, 163, 3929269
What are the prime factors of 78408552?
2, 3, 3267023
What are the prime factors of 1445930462?
2, 2281, 316951
List the prime factors of 33191823.
3, 7, 47, 33629
List the prime factors of 263008888.
2, 29, 1133659
List the prime factors of 6586453.
6586453
What are the prime factors of 5894441135?
5, 11, 107171657
List the prime factors of 712017494.
2, 17, 197, 106303
What are the prime factors of 2487314073?
3, 19, 43637089
List the prime factors of 1170894081.
3, 7, 97, 574813
List the prime factors of 2179275202.
2, 13, 4349, 19273
List the prime factors of 200493593.
89, 479, 4703
What are the prime factors of 50415479?
43, 73, 16061
List the prime factors of 251146517.
251146517
What are the prime factors of 2009091579?
3, 11, 60881563
What are the prime factors of 246331867?
127, 1939621
What are the prime factors of 2566612932?
2, 3, 13, 16452647
What are the prime factors of 127782665?
5, 25556533
List the prime factors of 1968653780.
2, 5, 73, 1348393
List the prime factors of 832386989.
7, 118912427
What are the prime factors of 3193543767?
3, 23, 337, 137339
List the prime factors of 23837883.
3, 47, 169063
What are the prime factors of 152911027?
152911027
List the prime factors of 1564876362.
2, 3, 7, 97, 384113
List the prime factors of 330836763.
3, 89, 1239089
List the prime factors of 2507891724.
2, 3, 13, 412211
List the prime factors of 17862872.
2, 2232859
List the prime factors of 5283401552.
2, 11, 13, 2309179
What are the prime factors of 43956337?
43956337
What are the prime factors of 81853871?
11, 7441261
What are the prime factors of 77100949?
77100949
List the prime factors of 1168549519.
17, 29, 419, 5657
List the prime factors of 278622312.
2, 3, 73, 109, 1459
List the prime factors of 279117448.
2, 19, 1836299
What are the prime factors of 1492137152?
2, 11, 43, 4481
What are the prime factors of 1419504799?
509, 5479
List the prime factors of 168154929.
3, 83, 229, 983
What are the prime factors of 37583646?
2, 3, 6263941
What are the prime factors of 343421407?
7, 49060201
List the prime factors of 59137400.
2, 5, 7, 53, 797
List the prime factors of 771383273.
771383273
What are the prime factors of 595309561?
7, 11, 599, 12907
List the prime factors of 24044637.
3, 23, 109, 139
List the prime factors of 2218941966.
2, 3, 17, 421, 51673
What are the prime factors of 505279803?
3, 7, 283, 85021
What are the prime factors of 515039225?
5, 17, 1211857
What are the prime factors of 22979664?
2, 3, 19, 37, 227
What are the prime factors of 626682157?
3877, 161641
What are the prime factors of 182911253?
7, 31, 313, 2693
What are the prime factors of 333809438?
2, 2543, 65633
What are the prime factors of 211873725?
3, 5, 7, 14947
List the prime factors of 218161297.
218161297
List the prime factors of 1227307965.
3, 5, 13, 499, 12613
What are the prime factors of 1324960492?
2, 331240123
List the prime factors of 126510630.
2, 3, 5, 131, 32191
What are the prime factors of 90726271?
90726271
What are the prime factors of 305140795?
5, 61028159
List the prime factors of 733128467.
733128467
List the prime factors of 622601495.
5, 7393, 16843
What are the prime factors of 38323279?
38323279
List the prime factors of 1993082545.
5, 257, 1551037
What are the prime factors of 181460350?
2, 5, 3629207
What are the prime factors of 37339457?
103, 227, 1597
List the prime factors of 1357217856.
2, 3, 23, 11383
What are the prime factors of 1423069591?
21277, 66883
What are the prime factors of 721433864?
2, 7069, 12757
List the prime factors of 15894977.
7, 47, 48313
List the prime factors of 930141397.
103, 2309, 3911
What are the prime factors of 234144016?
2, 809, 18089
What are the prime factors of 7398555010?
2, 5, 7, 11, 9608513
What are the prime factors of 7839371104?
2, 244980347
What are the prime factors of 639775597?
421, 1519657
What are the prime factors of 446903139?
3, 148967713
List the prime factors of 52994430.
2, 3, 5, 588827
List the prime factors of 82652827.
17, 97, 50123
What are the prime factors of 108685281?
3, 23, 1187, 1327
List the prime factors of 90757683.
3, 919, 10973
What are the prime factors of 2249946331?
97, 487, 47629
List the prime factors of 45834767.
11, 67, 62191
List the prime factors of 4730440386.
2, 3, 7, 29, 1031, 3767
List the prime factors of 426775792.
2, 47, 59, 9619
List the prime factors of 102614477.
7, 23, 83, 1097
List the prime factors of 4870020410.
2, 5, 487002041
What are the prime factors of 7178782375?
5, 31, 467, 3967
What are the prime factors of 57520920?
2, 3, 5, 29, 16529
What are the prime factors of 70011572?
2, 103, 109, 1559
What are the prime factors of 897698455?
5, 179539691
What are the prime factors of 47603352?
2, 3, 31, 109, 587
List the prime factors of 17943535.
5, 3588707
List the prime factors of 122929417.
13, 773, 941
List the prime factors of 615656255.
5, 123131251
List the prime